is the tens digit of 1712099?
9
What is the units digit of 462362?
2
What is the hundreds digit of 4641626?
6
What is the hundreds digit of 326000?
0
What is the ten thousands digit of 237946?
3
What is the units digit of 30065?
5
What is the ten thousands digit of 314943?
1
What is the hundreds digit of 245592?
5
What is the units digit of 203893?
3
What is the hundreds digit of 139499?
4
What is the hundreds digit of 20295343?
3
What is the tens digit of 88591?
9
What is the units digit of 163183?
3
What is the tens digit of 218461?
6
What is the ten thousands digit of 3597609?
9
What is the tens digit of 905054?
5
What is the thousands digit of 802857?
2
What is the hundreds digit of 199608?
6
What is the thousands digit of 157501?
7
What is the hundreds digit of 27663?
6
What is the thousands digit of 9131894?
1
What is the hundred thousands digit of 591034?
5
What is the tens digit of 13045318?
1
What is the tens digit of 56363?
6
What is the ten thousands digit of 317028?
1
What is the millions digit of 1129518?
1
What is the hundreds digit of 6695107?
1
What is the tens digit of 1126798?
9
What is the hundreds digit of 762836?
8
What is the units digit of 875406?
6
What is the ten thousands digit of 106502?
0
What is the hundreds digit of 1991367?
3
What is the thousands digit of 1785859?
5
What is the thousands digit of 9958517?
8
What is the units digit of 3773955?
5
What is the ten thousands digit of 529014?
2
What is the millions digit of 1715970?
1
What is the thousands digit of 147260?
7
What is the tens digit of 985577?
7
What is the ten thousands digit of 104111?
0
What is the ten thousands digit of 4135685?
3
What is the hundreds digit of 921673?
6
What is the hundred thousands digit of 317932?
3
What is the millions digit of 12302324?
2
What is the millions digit of 26134805?
6
What is the tens digit of 7415908?
0
What is the hundreds digit of 1242894?
8
What is the hundreds digit of 172797?
7
What is the tens digit of 4573304?
0
What is the hundreds digit of 2646984?
9
What is the hundreds digit of 357696?
6
What is the ten thousands digit of 188366?
8
What is the hundreds digit of 11092779?
7
What is the ten thousands digit of 377894?
7
What is the hundreds digit of 5003703?
7
What is the tens digit of 4225307?
0
What is the millions digit of 6833963?
6
What is the ten thousands digit of 1195790?
9
What is the thousands digit of 20316203?
6
What is the ten thousands digit of 11502763?
0
What is the units digit of 187368?
8
What is the tens digit of 361137?
3
What is the hundred thousands digit of 21301205?
3
What is the units digit of 4430731?
1
What is the hundreds digit of 21775?
7
What is the ten thousands digit of 789160?
8
What is the tens digit of 743950?
5
What is the ten thousands digit of 354335?
5
What is the units digit of 33906802?
2
What is the hundred thousands digit of 32337383?
3
What is the thousands digit of 158641?
8
What is the units digit of 1081252?
2
What is the hundreds digit of 4821743?
7
What is the tens digit of 14354997?
9
What is the hundreds digit of 4579426?
4
What is the hundred thousands digit of 1950264?
9
What is the tens digit of 3988136?
3
What is the units digit of 26370087?
7
What is the units digit of 6154580?
0
What is the tens digit of 1656508?
0
What is the units digit of 648818?
8
What is the hundreds digit of 7542775?
7
What is the ten thousands digit of 16105686?
0
What is the thousands digit of 88154?
8
What is the thousands digit of 1716773?
6
What is the hundred thousands digit of 8928926?
9
What is the hundreds digit of 3931726?
7
What is the ten thousands digit of 8320341?
2
What is the units digit of 6332414?
4
What is the tens digit of 42104?
0
What is the units digit of 279949?
9
What is the hundreds digit of 2852287?
2
What is the ten millions digit of 10811636?
1
What is the ten thousands digit of 581914?
8
What is the ten thousands digit of 109185?
0
What is the units digit of 10048839?
9
What is the ten thousands digit of 44284?
4
What is the hundred thousands digit of 883755?
8
What is the hundreds digit of 37672?
6
What is the hundreds digit of 283667?
6
What is the hundred thousands digit of 274334?
2
What is the hundreds digit of 3209522?
5
What is the thousands digit of 1162211?
2
What is the hundreds digit of 150528?
5
What is the hundreds digit of 10636060?
0
What is the thousands digit of 297126?
7
What is the hundreds digit of 32293?
2
What is the tens digit of 1280959?
5
What is the ten thousands digit of 10692?
1
What is the thousands digit of 11652480?
2
What is the thousands digit of 81631?
1
What is the units digit of 5959963?
3
What is the thousands digit of 4233288?
3
What is the hundreds digit of 2148493?
4
What is the units digit of 1950499?
9
What is the thousands digit of 4512565?
2
What is the units digit of 321038?
8
What is the tens digit of 691647?
4
What is the tens digit of 26631303?
0
What is the tens digit of 12745?
4
What is the millions digit of 1678189?
1
What is the thousands digit of 18408333?
8
What is the hundreds digit of 18014219?
2
What is the ten thousands digit of 157214?
5
What is the thousands digit of 2115795?
5
What is the thousands digit of 448846?
8
What is the tens digit of 1422454?
5
What is the hundreds digit of 15927979?
9
What is the hundred thousands digit of 3582161?
5
What is the ten thousands digit of 3274884?
7
What is the ten thousands digit of 910431?
1
What is the hundred thousands digit of 4053360?
0
What is the ten millions digit of 16924462?
1
What is the hundreds digit of 20965666?
6
What is the ten thousands digit of 2453177?
5
What is the units digit of 21007?
7
What is the tens digit of 1552687?
8
What is the hundred thousands digit of 4449286?
4
What is the units digit of 1150398?
8
What is the thousands digit of 232113?
2
What is the ten thousands digit of 360771?
6
What is the ten thousands digit of 2940837?
4
What is the hundreds digit of 20710961?
9
What is the hundred thousands digit of 120180?
1
What is the hundreds digit of 86679?
6
What is the hundreds digit of 50712?
7
What is the tens digit of 2696976?
7
What is the thousands digit of 93767?
3
What is the thousands digit of 11473748?
3
What is the hundred thousands digit of 7357685?
3
What is the ten thousands digit of 14274057?
7
What is the thousands digit of 302076?
2
What is the units digit of 707038?
8
What is the hundreds digit of 13307?
3
What is the units digit of 422633?
3
What is the ten thousands digit of 5928891?
2
What is the thousands digit of 9623111?
3
What is the hundreds digit of 5407?
4
What is the units digit of 1993144?
4
What is the tens digit of 326585?
8
What is the ten thousands digit of 1756667?
5
What is the thousands digit of 3396274?
6
What is the tens digit of 3188809?
0
What is the tens digit of 4272397?
9
What is the units digit of 3423551?
1
What is the hundred thousands digit of 1319113?
3
What is the units digit of 14798625?
5
What is the tens digit of 9039223?
2
What is the units digit of 551910?
0
What is the thousands digit of 1239937?
9
What is the tens digit of 451368?
6
What is the hundreds digit of 14778?
7
What is the ten thousands digit of 9471768?
7
What is the tens digit of 17154578?
7
What is the ten thousands digit of 157439?
5
What is the ten thousands digit of 134751?
3
What is the units digit of 51107?
7
What is the tens digit of 780911?
1
What is the tens digit of 11566218?
1
What is the units digit of 4622593?
3
What is the hundred thousands digit of 692097?
6
What is the tens digit of 7653764?
6
What is the hundred thousands digit of 310599?
3
What is the tens digit of 2446722?
2
What is the ten thousands digit of 47873?
4
What is the hundred thousands digit of 769669?
7
What is the units digit of 1957541?
1
What is the hundreds digit of 2457756?
7
What is the units digit of 11485747?
7
What is the hundreds digit of 471431?
4
What is the hundreds digit of 5823?
8
What is the tens digit of 329130?
3
What is the hundreds digit of 4004?
0
What is the ten thousands digit of 848923?
4
What is the tens digit of 9834043?
4
What is the tens digit of 3722176?
7
What is the thousands digit of 96879?
6
What is the hundred thousands digit of 1410221?
4
What is the units digit of 1883771?
1
What i